e thousands digit of 8086149714?
9
What is the units digit of 110622284?
4
What is the millions digit of 5980815104?
0
What is the hundred millions digit of 1304478656?
3
What is the hundred millions digit of 2569166222?
5
What is the hundred thousands digit of 2405520531?
5
What is the ten millions digit of 137804533?
3
What is the ten thousands digit of 1385149843?
4
What is the hundreds digit of 88778438?
4
What is the ten thousands digit of 402552283?
5
What is the thousands digit of 113843311?
3
What is the hundred thousands digit of 34586898?
5
What is the tens digit of 117639506?
0
What is the tens digit of 94280502?
0
What is the tens digit of 380854329?
2
What is the ten thousands digit of 8539130?
3
What is the ten millions digit of 41419205?
4
What is the millions digit of 201859360?
1
What is the ten millions digit of 88204247?
8
What is the units digit of 44319413?
3
What is the hundred millions digit of 1661610405?
6
What is the millions digit of 163924395?
3
What is the ten millions digit of 46539257?
4
What is the ten millions digit of 93208774?
9
What is the tens digit of 5719480?
8
What is the millions digit of 90454036?
0
What is the tens digit of 64034286?
8
What is the hundred thousands digit of 180886752?
8
What is the ten thousands digit of 211621415?
2
What is the ten thousands digit of 113405384?
0
What is the hundred thousands digit of 1023164211?
1
What is the thousands digit of 285381430?
1
What is the hundred thousands digit of 80670770?
6
What is the ten millions digit of 271061409?
7
What is the thousands digit of 223602714?
2
What is the thousands digit of 103987534?
7
What is the hundreds digit of 465505144?
1
What is the hundred thousands digit of 6418053427?
0
What is the units digit of 27483173?
3
What is the hundred thousands digit of 584027947?
0
What is the ten thousands digit of 69805134?
0
What is the thousands digit of 942056596?
6
What is the ten millions digit of 587211459?
8
What is the hundred millions digit of 1594953710?
5
What is the hundred thousands digit of 3767528781?
5
What is the ten millions digit of 15791087?
1
What is the hundreds digit of 25294153?
1
What is the tens digit of 79213200?
0
What is the units digit of 18809321?
1
What is the units digit of 49674371?
1
What is the tens digit of 123215820?
2
What is the hundred thousands digit of 240401693?
4
What is the ten thousands digit of 53526896?
2
What is the units digit of 145751448?
8
What is the ten millions digit of 821017077?
2
What is the millions digit of 275634733?
5
What is the units digit of 4567787242?
2
What is the ten thousands digit of 41894640?
9
What is the hundred millions digit of 788343354?
7
What is the thousands digit of 74354494?
4
What is the ten thousands digit of 2562070?
6
What is the ten millions digit of 3518392014?
1
What is the hundred millions digit of 7570164766?
5
What is the millions digit of 461954016?
1
What is the hundred millions digit of 495478611?
4
What is the millions digit of 42354941?
2
What is the hundred thousands digit of 350666555?
6
What is the hundred millions digit of 5686859021?
6
What is the hundreds digit of 570041951?
9
What is the ten millions digit of 219651468?
1
What is the units digit of 597058359?
9
What is the hundreds digit of 144349266?
2
What is the hundred millions digit of 3929001523?
9
What is the tens digit of 9501784?
8
What is the millions digit of 88684220?
8
What is the tens digit of 279702507?
0
What is the units digit of 620607051?
1
What is the units digit of 2219588957?
7
What is the hundred millions digit of 150733552?
1
What is the hundred millions digit of 5117475254?
1
What is the hundred millions digit of 114823685?
1
What is the hundred millions digit of 512008317?
5
What is the hundred thousands digit of 1467440780?
4
What is the thousands digit of 1115966270?
6
What is the units digit of 7357090?
0
What is the ten thousands digit of 815923253?
2
What is the ten millions digit of 138349518?
3
What is the billions digit of 1516941148?
1
What is the tens digit of 192831230?
3
What is the hundreds digit of 675857476?
4
What is the hundreds digit of 5663599762?
7
What is the ten millions digit of 2940458707?
4
What is the millions digit of 49343266?
9
What is the hundred millions digit of 411454941?
4
What is the units digit of 112685043?
3
What is the hundred millions digit of 220238133?
2
What is the ten millions digit of 8365925352?
6
What is the hundred millions digit of 2813351234?
8
What is the ten thousands digit of 152728912?
2
What is the millions digit of 613959299?
3
What is the thousands digit of 253075828?
5
What is the ten millions digit of 35646183?
3
What is the hundred thousands digit of 235752279?
7
What is the hundred thousands digit of 1155944709?
9
What is the hundred thousands digit of 1800027?
8
What is the hundred millions digit of 961319049?
9
What is the hundred thousands digit of 295539252?
5
What is the millions digit of 6943055861?
3
What is the thousands digit of 962517994?
7
What is the billions digit of 7639381904?
7
What is the thousands digit of 5365869302?
9
What is the units digit of 2337185144?
4
What is the hundred millions digit of 668493644?
6
What is the units digit of 85428873?
3
What is the units digit of 65463004?
4
What is the hundred thousands digit of 226475191?
4
What is the hundreds digit of 1367031488?
4
What is the hundred thousands digit of 44603991?
6
What is the hundreds digit of 313297639?
6
What is the hundred millions digit of 241416246?
2
What is the hundred thousands digit of 65938723?
9
What is the units digit of 133800545?
5
What is the units digit of 117110287?
7
What is the hundreds digit of 4688708230?
2
What is the thousands digit of 3225388140?
8
What is the tens digit of 167867049?
4
What is the millions digit of 4707951?
4
What is the units digit of 2204813421?
1
What is the tens digit of 99014050?
5
What is the hundred thousands digit of 334380091?
3
What is the ten millions digit of 47072873?
4
What is the ten thousands digit of 830260998?
6
What is the thousands digit of 1327477911?
7
What is the ten thousands digit of 281524093?
2
What is the thousands digit of 921610195?
0
What is the units digit of 90901135?
5
What is the millions digit of 188341471?
8
What is the millions digit of 39914810?
9
What is the units digit of 1905148726?
6
What is the ten thousands digit of 170414806?
1
What is the thousands digit of 1673725119?
5
What is the tens digit of 98753860?
6
What is the millions digit of 506175906?
6
What is the units digit of 278337175?
5
What is the millions digit of 2130922812?
0
What is the millions digit of 164897195?
4
What is the units digit of 2277787453?
3
What is the hundreds digit of 41497666?
6
What is the ten thousands digit of 267400141?
0
What is the ten thousands digit of 369476778?
7
What is the units digit of 24960591?
1
What is the tens digit of 824354978?
7
What is the units digit of 31884596?
6
What is the units digit of 146491713?
3
What is the millions digit of 6225622023?
5
What is the units digit of 566864883?
3
What is the units digit of 32661001?
1
What is the millions digit of 1569047824?
9
What is the ten thousands digit of 104866131?
6
What is the thousands digit of 50414439?
4
What is the thousands digit of 8798783?
8
What is the millions digit of 34322517?
4
What is the thousands digit of 2221879726?
9
What is the hundreds digit of 5035377252?
2
What is the hundred millions digit of 818531673?
8
What is the tens digit of 32824161?
6
What is the millions digit of 25815270?
5
What is the tens digit of 24355331?
3
What is the millions digit of 29792023?
9
What is the hundred thousands digit of 101796110?
7
What is the millions digit of 1459151163?
9
What is the units digit of 50980836?
6
What is the thousands digit of 76128530?
8
What is the hundreds digit of 69908508?
5
What is the thousands digit of 3545090349?
0
What is the units digit of 1423058205?
5
What is the ten thousands digit of 812847569?
4
What is the hundred millions digit of 175002438?
1
What is the hundred thousands digit of 625827978?
8
What is the thousands digit of 20376688?
6
What is the hundred thousands digit of 181300270?
3
What is the hundreds digit of 27474609?
6
What is